{"id":14,"date":"2012-10-29T12:32:52","date_gmt":"2012-10-29T10:32:52","guid":{"rendered":"http:\/\/rechteckigerblick.de\/?page_id=14"},"modified":"2019-12-24T10:08:29","modified_gmt":"2019-12-24T08:08:29","slug":"home-2","status":"publish","type":"page","link":"http:\/\/rechteckigerblick.de\/","title":{"rendered":"home"},"content":{"rendered":"<h2>Hallo!<\/h2>\n<p>Sch\u00f6n dass Du bei mir angekommen bist.<\/p>\n<p>Auf meiner Seite findest Du einen \u00dcberblick meiner Arbeiten.<\/p>\n<p>Wenn Dich interessiert wie die Figuren entstehen oder was sich gerade in meiner Werkstatt tut, wirf doch mal einen Blick in die Rubrik <strong>neues <\/strong>oder in meinen<strong> Instagramaccount <\/strong>&#8211; du findest mich dort unter <strong>rechteckigerblick<\/strong>. Dort findest Du immer mal neue Bilder und Berichte aus der Werkstatt und kannst ein paar Eindr\u00fccke erhalten wie eine Theaterfigur entsteht.<\/p>\n<p>Falls Du Interesse an meinen Arbeiten hast schick mir doch einfach eine Mail.<\/p>\n<p>\u00dcber einen Eintrag in mein G\u00e4stebuch w\u00fcrde ich mich freuen.<\/p>\n<p>Viel Spa\u00df beim St\u00f6bern!<\/p>\n<p>Katy!<\/p>\n","protected":false},"excerpt":{"rendered":"<p>Hallo! Sch\u00f6n dass Du bei mir angekommen bist. Auf meiner Seite findest Du einen \u00dcberblick meiner Arbeiten. Wenn Dich interessiert wie die Figuren entstehen oder was sich gerade in meiner Werkstatt tut, wirf doch mal einen Blick in die Rubrik &hellip; <a href=\"http:\/\/rechteckigerblick.de\/\">Weiterlesen <span class=\"meta-nav\">&rarr;<\/span><\/a><\/p>\n","protected":false},"author":1,"featured_media":0,"parent":0,"menu_order":0,"comment_status":"closed","ping_status":"closed","template":"onecolumn-page.php","meta":[],"_links":{"self":[{"href":"http:\/\/rechteckigerblick.de\/index.php?rest_route=\/wp\/v2\/pages\/14"}],"collection":[{"href":"http:\/\/rechteckigerblick.de\/index.php?rest_route=\/wp\/v2\/pages"}],"about":[{"href":"http:\/\/rechteckigerblick.de\/index.php?rest_route=\/wp\/v2\/types\/page"}],"author":[{"embeddable":true,"href":"http:\/\/rechteckigerblick.de\/index.php?rest_route=\/wp\/v2\/users\/1"}],"replies":[{"embeddable":true,"href":"http:\/\/rechteckigerblick.de\/index.php?rest_route=%2Fwp%2Fv2%2Fcomments&post=14"}],"version-history":[{"count":24,"href":"http:\/\/rechteckigerblick.de\/index.php?rest_route=\/wp\/v2\/pages\/14\/revisions"}],"predecessor-version":[{"id":1963,"href":"http:\/\/rechteckigerblick.de\/index.php?rest_route=\/wp\/v2\/pages\/14\/revisions\/1963"}],"wp:attachment":[{"href":"http:\/\/rechteckigerblick.de\/index.php?rest_route=%2Fwp%2Fv2%2Fmedia&parent=14"}],"curies":[{"name":"wp","href":"https:\/\/api.w.org\/{rel}","templated":true}]}}